{"version":"1.0","provider_name":"Kritische Masse","provider_url":"https:\/\/www.kritische-masse.de\/logbuch","title":"Grotzky als Rundfunkfeldherr - Kritische Masse","type":"rich","width":600,"height":338,"html":"<blockquote class=\"wp-embedded-content\" data-secret=\"FW6dGIQ4e6\"><a href=\"https:\/\/www.kritische-masse.de\/logbuch\/2006\/11\/grotzky-als-rundfunkfeldherr\/\">Grotzky als Rundfunkfeldherr<\/a><\/blockquote><iframe sandbox=\"allow-scripts\" security=\"restricted\" src=\"https:\/\/www.kritische-masse.de\/logbuch\/2006\/11\/grotzky-als-rundfunkfeldherr\/embed\/#?secret=FW6dGIQ4e6\" width=\"600\" height=\"338\" title=\"&#8222;Grotzky als Rundfunkfeldherr&#8220; &#8211; Kritische Masse\" data-secret=\"FW6dGIQ4e6\" frameborder=\"0\" marginwidth=\"0\" marginheight=\"0\" scrolling=\"no\" class=\"wp-embedded-content\"><\/iframe><script>\n\/*! This file is auto-generated *\/\n!function(d,l){\"use strict\";l.querySelector&&d.addEventListener&&\"undefined\"!=typeof URL&&(d.wp=d.wp||{},d.wp.receiveEmbedMessage||(d.wp.receiveEmbedMessage=function(e){var t=e.data;if((t||t.secret||t.message||t.value)&&!\/[^a-zA-Z0-9]\/.test(t.secret)){for(var s,r,n,a=l.querySelectorAll('iframe[data-secret=\"'+t.secret+'\"]'),o=l.querySelectorAll('blockquote[data-secret=\"'+t.secret+'\"]'),c=new RegExp(\"^https?:$\",\"i\"),i=0;i<o.length;i++)o[i].style.display=\"none\";for(i=0;i<a.length;i++)s=a[i],e.source===s.contentWindow&&(s.removeAttribute(\"style\"),\"height\"===t.message?(1e3<(r=parseInt(t.value,10))?r=1e3:~~r<200&&(r=200),s.height=r):\"link\"===t.message&&(r=new URL(s.getAttribute(\"src\")),n=new URL(t.value),c.test(n.protocol))&&n.host===r.host&&l.activeElement===s&&(d.top.location.href=t.value))}},d.addEventListener(\"message\",d.wp.receiveEmbedMessage,!1),l.addEventListener(\"DOMContentLoaded\",function(){for(var e,t,s=l.querySelectorAll(\"iframe.wp-embedded-content\"),r=0;r<s.length;r++)(t=(e=s[r]).getAttribute(\"data-secret\"))||(t=Math.random().toString(36).substring(2,12),e.src+=\"#?secret=\"+t,e.setAttribute(\"data-secret\",t)),e.contentWindow.postMessage({message:\"ready\",secret:t},\"*\")},!1)))}(window,document);\n\/\/# sourceURL=https:\/\/www.kritische-masse.de\/logbuch\/wp-includes\/js\/wp-embed.min.js\n<\/script>\n","description":"Der Bayerische Rundfunk denkt intensiv \u00fcber die Abschaffung des Senders Bayern4Klassik nach. Siehe diesen Leitartikel \u201eJugendwahn\u201c in der nmz. Das hat f\u00fcr erstaunlich viel Wirbel gesorgt. Nun legt die SZ mit einem Interview des H\u00f6rfunkdirektors nach. Auff\u00e4llig ist die Wortwahl von Herrn Grotzky. Da gilt es wie in einer Schlacht, \u201eMenschen ins Feld zu f\u00fchren\u201c [&hellip;]","thumbnail_url":"https:\/\/www.kritische-masse.de\/logbuch\/wp-content\/uploads\/2006\/11\/2006-11-grotzky.jpg"}

Der Bayerische Rundfunk denkt intensiv über die Abschaffung des Senders Bayern4Klassik nach. Siehe diesen Leitartikel „Jugendwahn“ in der nmz. Das hat für erstaunlich viel Wirbel gesorgt. Nun legt die SZ mit einem Interview des Hörfunkdirektors nach. Auffällig ist die Wortwahl von Herrn Grotzky. Da gilt es wie in einer Schlacht, „Menschen ins Feld zu führen“ [&hellip;]
