{"version":"1.0","provider_name":"Kritische Masse","provider_url":"https:\/\/www.kritische-masse.de\/logbuch","title":"Das Herrenbergurteil und seine Folgen in Berlin - Kritische Masse","type":"rich","width":600,"height":338,"html":"<blockquote class=\"wp-embedded-content\" data-secret=\"rJNKOwQ6RK\"><a href=\"https:\/\/www.kritische-masse.de\/logbuch\/2024\/11\/das-herrenbergurteil-und-seine-folgen-in-berlin\/\">Das Herrenbergurteil und seine Folgen in Berlin<\/a><\/blockquote><iframe sandbox=\"allow-scripts\" security=\"restricted\" src=\"https:\/\/www.kritische-masse.de\/logbuch\/2024\/11\/das-herrenbergurteil-und-seine-folgen-in-berlin\/embed\/#?secret=rJNKOwQ6RK\" width=\"600\" height=\"338\" title=\"&#8222;Das Herrenbergurteil und seine Folgen in Berlin&#8220; &#8211; Kritische Masse\" data-secret=\"rJNKOwQ6RK\" frameborder=\"0\" marginwidth=\"0\" marginheight=\"0\" scrolling=\"no\" class=\"wp-embedded-content\"><\/iframe><script>\n\/*! This file is auto-generated *\/\n!function(d,l){\"use strict\";l.querySelector&&d.addEventListener&&\"undefined\"!=typeof URL&&(d.wp=d.wp||{},d.wp.receiveEmbedMessage||(d.wp.receiveEmbedMessage=function(e){var t=e.data;if((t||t.secret||t.message||t.value)&&!\/[^a-zA-Z0-9]\/.test(t.secret)){for(var s,r,n,a=l.querySelectorAll('iframe[data-secret=\"'+t.secret+'\"]'),o=l.querySelectorAll('blockquote[data-secret=\"'+t.secret+'\"]'),c=new RegExp(\"^https?:$\",\"i\"),i=0;i<o.length;i++)o[i].style.display=\"none\";for(i=0;i<a.length;i++)s=a[i],e.source===s.contentWindow&&(s.removeAttribute(\"style\"),\"height\"===t.message?(1e3<(r=parseInt(t.value,10))?r=1e3:~~r<200&&(r=200),s.height=r):\"link\"===t.message&&(r=new URL(s.getAttribute(\"src\")),n=new URL(t.value),c.test(n.protocol))&&n.host===r.host&&l.activeElement===s&&(d.top.location.href=t.value))}},d.addEventListener(\"message\",d.wp.receiveEmbedMessage,!1),l.addEventListener(\"DOMContentLoaded\",function(){for(var e,t,s=l.querySelectorAll(\"iframe.wp-embedded-content\"),r=0;r<s.length;r++)(t=(e=s[r]).getAttribute(\"data-secret\"))||(t=Math.random().toString(36).substring(2,12),e.src+=\"#?secret=\"+t,e.setAttribute(\"data-secret\",t)),e.contentWindow.postMessage({message:\"ready\",secret:t},\"*\")},!1)))}(window,document);\n\/\/# sourceURL=https:\/\/www.kritische-masse.de\/logbuch\/wp-includes\/js\/wp-embed.min.js\n<\/script>\n","thumbnail_url":"https:\/\/www.kritische-masse.de\/logbuch\/wp-content\/uploads\/2024\/10\/musikschule_in_berlin_c_hufner-scaled.jpg","thumbnail_width":2560,"thumbnail_height":2560,"description":"Gerade erreicht mich eine Meldung, man k\u00f6nnte auch sagen, ein Brandbrief aus Berlin (danke, Thomas Heyn). Die Musikschulen hier werden an die Wand gefahren. Mit voller Wucht und voller Puste. Darin hei\u00dft es: Die Perspektiven f\u00fcr die \u00d6ffentlichen Musikschulen entwickeln sich im Rahmen der aktuellen Haushaltsverhandlungen in eine dramatische Richtung: Finanzsenator Evers und der haushaltspolitische [&hellip;]"}

Gerade erreicht mich eine Meldung, man könnte auch sagen, ein Brandbrief aus Berlin (danke, Thomas Heyn). Die Musikschulen hier werden an die Wand gefahren. Mit voller Wucht und voller Puste. Darin heißt es: Die Perspektiven für die Öffentlichen Musikschulen entwickeln sich im Rahmen der aktuellen Haushaltsverhandlungen in eine dramatische Richtung: Finanzsenator Evers und der haushaltspolitische [&hellip;]
