{"version":"1.0","provider_name":"Kritische Masse","provider_url":"https:\/\/www.kritische-masse.de\/logbuch","title":"(Musik-)Kultur unter Weimer \u2013 Defekte - Kritische Masse","type":"rich","width":600,"height":338,"html":"<blockquote class=\"wp-embedded-content\" data-secret=\"duIfPfthYe\"><a href=\"https:\/\/www.kritische-masse.de\/logbuch\/2026\/04\/musik-kultur-unter-weimer-defekte\/\">(Musik-)Kultur unter Weimer \u2013 Defekte<\/a><\/blockquote><iframe sandbox=\"allow-scripts\" security=\"restricted\" src=\"https:\/\/www.kritische-masse.de\/logbuch\/2026\/04\/musik-kultur-unter-weimer-defekte\/embed\/#?secret=duIfPfthYe\" width=\"600\" height=\"338\" title=\"&#8222;(Musik-)Kultur unter Weimer \u2013 Defekte&#8220; &#8211; Kritische Masse\" data-secret=\"duIfPfthYe\" frameborder=\"0\" marginwidth=\"0\" marginheight=\"0\" scrolling=\"no\" class=\"wp-embedded-content\"><\/iframe><script>\n\/*! This file is auto-generated *\/\n!function(d,l){\"use strict\";l.querySelector&&d.addEventListener&&\"undefined\"!=typeof URL&&(d.wp=d.wp||{},d.wp.receiveEmbedMessage||(d.wp.receiveEmbedMessage=function(e){var t=e.data;if((t||t.secret||t.message||t.value)&&!\/[^a-zA-Z0-9]\/.test(t.secret)){for(var s,r,n,a=l.querySelectorAll('iframe[data-secret=\"'+t.secret+'\"]'),o=l.querySelectorAll('blockquote[data-secret=\"'+t.secret+'\"]'),c=new RegExp(\"^https?:$\",\"i\"),i=0;i<o.length;i++)o[i].style.display=\"none\";for(i=0;i<a.length;i++)s=a[i],e.source===s.contentWindow&&(s.removeAttribute(\"style\"),\"height\"===t.message?(1e3<(r=parseInt(t.value,10))?r=1e3:~~r<200&&(r=200),s.height=r):\"link\"===t.message&&(r=new URL(s.getAttribute(\"src\")),n=new URL(t.value),c.test(n.protocol))&&n.host===r.host&&l.activeElement===s&&(d.top.location.href=t.value))}},d.addEventListener(\"message\",d.wp.receiveEmbedMessage,!1),l.addEventListener(\"DOMContentLoaded\",function(){for(var e,t,s=l.querySelectorAll(\"iframe.wp-embedded-content\"),r=0;r<s.length;r++)(t=(e=s[r]).getAttribute(\"data-secret\"))||(t=Math.random().toString(36).substring(2,12),e.src+=\"#?secret=\"+t,e.setAttribute(\"data-secret\",t)),e.contentWindow.postMessage({message:\"ready\",secret:t},\"*\")},!1)))}(window,document);\n\/\/# sourceURL=https:\/\/www.kritische-masse.de\/logbuch\/wp-includes\/js\/wp-embed.min.js\n<\/script>\n","description":"Heute habe ich erfahren, dass es Reaktionen auf meinen letzten Cluster f\u00fcr die neue musikzeitung gegeben hat, ob ich etwas gegen den Deutschen Musikrat h\u00e4tte, man bef\u00fcrchte, dass sich zahlungskr\u00e4ftige Financiers des Deutschen Musikrats zur\u00fcckz\u00f6gen, weil, wie ich unterstellte, der Beauftragte der Bundesregierung f\u00fcr Kultur und Medien den Musikrat aufl\u00f6sen wolle, weil der sich nicht [&hellip;]"}

Heute habe ich erfahren, dass es Reaktionen auf meinen letzten Cluster für die neue musikzeitung gegeben hat, ob ich etwas gegen den Deutschen Musikrat hätte, man befürchte, dass sich zahlungskräftige Financiers des Deutschen Musikrats zurückzögen, weil, wie ich unterstellte, der Beauftragte der Bundesregierung für Kultur und Medien den Musikrat auflösen wolle, weil der sich nicht [&hellip;]
